e hundreds digit of q?
3
Let o = 41 - 35. Suppose o*r - 376 - 284 = 0. Suppose -r = -v - 3*d - 2*d, 5*v - 470 = -5*d. What is the tens digit of v?
9
Let j(p) = p + 1. Let y(i) = -24*i**2 + 23*i - 6. Let s(w) = 5*j(w) - y(w). What is the units digit of s(4)?
3
What is the units digit of -2334*((-1155)/(-22))/(-21)?
5
Suppose -r = 27*y - 23*y - 7069, 3*y = 3*r - 21237. What is the hundreds digit of r?
0
Let t = -12762 + 48190. What is the tens digit of t?
2
Let l be ((-25)/(-5))/(-25) + 16/5. Suppose 0 = l*s - 134 - 1537. What is the tens digit of s?
5
Let y(x) = 5 - 40*x**2 + 44*x**2 - 104*x**3 - 3 + 3 + 103*x**3. Let s(c) = -c**2 - 7*c - 6. Let f be s(-5). What is the units digit of y(f)?
5
Suppose 65720 = 13*o - 11*o - 4*w, o - 32845 = 5*w. What is the units digit of o?
0
Let b(d) = -144*d**3 + 2*d**2 + d. Let f(r) = -13*r - 20. Let z be f(4). Let a = -73 - z. What is the hundreds digit of b(a)?
1
What is the tens digit of 4/(-10) + ((-328)/3116 - 12029186/(-190))?
1
Let p(m) = -m**3 + 3*m**2 + 2*m. Let i be p(5). Let h = -42 - i. What is the units digit of (-4)/h - (-150)/3?
2
Let r = -18574 + 35442. What is the thousands digit of r?
6
Suppose 8*v - 9*v - 2*o = -1466, -4*o = -12. Suppose -3*y + v = -4*u, 1964 = 7*y - 3*y - u. What is the hundreds digit of y?
4
Let q = 29264 + -13770. What is the thousands digit of q?
5
What is the units digit of ((-25)/50)/((-1)/1930)?
5
What is the units digit of (-8)/(-32) + (-720639)/(-36)?
8
Let s be 1130/7 - (-24)/42. Let d = 298 - s. Suppose 876 = 4*q - d. What is the hundreds digit of q?
2
Let r(j) be the third derivative of -j**4/24 + j**3/2 + 11*j**2. Let c be r(-3). What is the hundreds digit of c*((-24)/(-36) - (-116)/6)?
1
Suppose -21615*q = -21631*q + 482976. What is the units digit of q?
6
Let r = -14 + 13. Let i(z) be the third derivative of -13*z**4/3 - z**3 + 86*z**2. What is the units digit of i(r)?
8
Let w(p) = -3*p + 24. Suppose -26*d = -23*d - 21. Let a be w(d). Suppose 13 = z + 3*k, 5*z - a*k = k + 8. What is the units digit of z?
4
Suppose 6*k = 8*k - 166. Suppose 4*a + k = -5*x + 3261, -4*a + 3164 = -2*x. Suppose -3*p - 6*p = -a. What is the units digit of p?
8
Let i be (3 - (-121)/(-33))/((-2)/6). Suppose 5*w + i*f = 1324, 3*w - 517 = w - 5*f. What is the tens digit of w?
6
Let f = 93 - -10. Let g = 335 - f. What is the hundreds digit of g?
2
Suppose -45*k + 210537 = -339003. What is the thousands digit of k?
2
Let c be (16/(-20))/(5/(-20775)). Let n be c/9 - ((-32)/12 - -3). What is the units digit of 1*(-5)/((-15)/n)?
3
Let f = 50 + -43. Suppose -30 = -f*r + 12*r. What is the tens digit of 0 - (131 - r)/(-2 - -1)?
3
Let b = -1209 + 48. Let c = b + 2124. What is the hundreds digit of c?
9
Suppose 0 = 3*q - 8*q. Suppose q = 4*m + 8886 - 346. What is the units digit of 2/(7/(m/(-10)))?
1
Let d = 128 - 124. What is the hundreds digit of (24100/(-80))/((-1)/d)?
2
Let v be -5 - (-12)/14*(-14)/3. Suppose -2*h + 506 = -3*p - p, -259 = -h - 4*p. Let w = v + h. What is the hundreds digit of w?
2
Suppose -u + 4*z = -842, 4397 = 8*u - z - 2246. What is the units digit of u?
0
Suppose -5*x + 4*o + 3 = 0, 3*x - 7*o + 4*o = 0. Suppose 0 = -5*s - 5*u + 3400, -4646 = -5*s - x*u - 1256. What is the units digit of s?
5
Suppose -45*r + 504367 = -370073. What is the thousands digit of r?
9
Let j = -39 - -45. Suppose -j*q + 75 = -117. What is the hundreds digit of 8/q - 966/(-8)?
1
Let y = -67 + 68. What is the tens digit of y + (-24)/(-18)*57?
7
Suppose -2*q = -r + 8862, -35432 = -4*r + 26*q - 22*q. What is the units digit of r?
4
Suppose 4*s + k + 13 - 15 = 0, 5*k = -5*s - 5. What is the tens digit of (s/(-2))/((-5)/4670)?
6
Let y(c) = -2 + 35 + 11 - 54*c + 8 + 0. What is the hundreds digit of y(-10)?
5
Suppose -2*a + 5*a = 789. Let r = a - 101. What is the tens digit of r?
6
Let b be ((-654)/(-9))/((-13)/(-39)). Suppose 5*y - b = -4*z, -4*z - 6*y + 230 = -7*y. What is the units digit of z?
7
Let y(r) = 83*r**3 + 12*r**2 + 30*r - 144. What is the thousands digit of y(7)?
9
Let w(k) = -165*k - 6285. What is the units digit of w(-43)?
0
Suppose -5*g = -2*o - 15056, -g + 2998 = -6*o + 10*o. Suppose -5*c - 2*m + g = 3*m, -4*c + 2422 = -3*m. What is the hundreds digit of c?
6
Let i(l) = 15*l**2 + l - 12. Let f be i(-3). What is the units digit of ((-270)/f)/((-1)/(2328/9))?
2
Suppose -1053536 = -15*k - 447341. What is the tens digit of k?
1
Let n(k) = k**3 + 3*k**2 - 4*k - 3. Let v be n(-3). Let f(l) = -l**3 + 10*l**2 - 11*l - 3. Let b be f(v). Let z = b - -25. What is the units digit of z?
4
Let i = -258 - -260. Suppose -4*r = i*l - 62, -6*l = -l + 25. What is the tens digit of r?
1
What is the tens digit of ((-552)/(-9))/1*(-1716)/(-16)?
7
Suppose -2*w + 11811 = -s - 6054, -w - 2*s + 8915 = 0. What is the units digit of w?
9
Let m = -916 + 1018. What is the units digit of 67507/m - 1/(-6)?
2
Let q(v) = -2678*v + 709. What is the hundreds digit of q(-8)?
1
Suppose -84*s = 51*s - 7324155. What is the hundreds digit of s?
2
Suppose -2*y = -5*n - 61, y + 0*n + 5*n - 38 = 0. Let s = y + -11. Suppose -r + s = -45. What is the units digit of r?
7
Suppose 0 = 5*v - 5*x - 11765, 6*v - 4712 = 4*v + 4*x. What is the thousands digit of v?
2
Let h be ((-5)/(-2))/(4*4/(-32)). Let r be (-4 - -3)*-9*1*h. Let u = 89 + r. What is the tens digit of u?
4
Let u(h) = -h**3 + 8*h**2 - 6*h - 2. Let b be u(7). Suppose -b*j + 3*j = 3*f - 402, -5*f - 5*j = -670. Suppose -51 = a - f. What is the tens digit of a?
8
Let y be 9/(-63) + 1/7. Suppose y = 3*w + 6 - 15. What is the units digit of 19/(((-1)/(-3))/1*w)?
9
Let s be (-9842)/(-20) - 22/220. Let d = s - 393. What is the tens digit of d?
9
Let i(f) = 2*f**3 + 4*f**2 - 3*f. Let y be i(3). Let m be -2*(-3)/6 + 138. Let d = m - y. What is the units digit of d?
8
Let k be 234/(-2)*(-2)/6. Let i = k + -35. Suppose l = 3*t + 148, i*l - 568 = 8*t - 4*t. What is the units digit of l?
9
Let v(k) = 37*k + 365. Let n(l) = -35*l - 365. Let t(h) = 4*n(h) + 3*v(h). What is the tens digit of t(-36)?
7
What is the hundreds digit of ((-19335)/(-30) - -20)*4?
6
What is the thousands digit of 120/16*(-16)/(-3)*(-1676)/(-8)?
8
Let u be ((-1)/(-2))/(7/98). Let m be (-111)/u - 4/28. What is the units digit of ((-584)/m)/((-1)/(-2))?
3
Let p = 16503 - -7878. What is the thousands digit of p?
4
Suppose 0 = 4*a - 12 - 4. Suppose 0 = -b - b + m + 1, 4*m + a = 4*b. What is the units digit of (b - -15)*(-2 + (-33)/(-9))?
5
Let v(a) = -8*a + 3. Let w be v(0). Suppose 9*d - 4*d - 41 = 2*j, -w*j + 19 = 4*d. What is the units digit of d?
7
Suppose 683 = -5*o - 192. Let v be (70/o)/(1 + (-26)/25). Suppose -v*q - 158 = -11*q. What is the tens digit of q?
5
Let s(p) = p**3 + 40*p**2 - 307*p - 349. What is the units digit of s(-36)?
7
Let x = 147 + -132. What is the hundreds digit of 1153 + ((-92)/x - (-12)/90)?
1
Suppose z - 21934 = -4*j, -4*z + 16*j - 14*j + 87844 = 0. What is the hundreds digit of z?
9
Let f(k) = 7*k + 40. Let t be f(-12). Let b = t - -299. Suppose 636 = 9*s - b. What is the units digit of s?
9
Let q(r) = 2*r**3 + 19*r**2 + 13*r - 13. What is the hundreds digit of q(13)?
7
Let t be ((-1)/(-2))/((-8)/(-352)). Suppose -t*r - 10923 = -33*r. What is the tens digit of r?
9
Let g be 7 + -5 + (2281 - 3). Suppose -u - g = 3*u. What is the units digit of -1*(-12)/8 + u/(-4)?
4
Let q = -7007 + 8373. What is the tens digit of q?
6
Let x(h) = -4*h - 21. Let f be x(-16). Let z = f - 47. What is the tens digit of 20/((24/(-27))/z)?
9
Suppose -5*h - 3*h = -4192. Let a be h/22 + 10/55. What is the hundreds digit of ((-57)/(-6))/(2/a)?
1
Let i be -4*(-1 + -3)/4. Let k(s) = -10*s - s - 11 + i*s - 5*s. What is the units digit of k(-5)?
9
Suppose 44600 - 226000 = -42*l + 217096. What is the units digit of l?
8
Let r = 12001 - -3358. What is the units digit of r?
9
Let l = -500 - -501. What is the hundreds digit of ((-2)/l)/((-3)/762)?
5
Suppose 1182150 = 171*l + 42*l. What is the thousands digit of l?
5
What is the thousands digit of -3 - -2 - ((-326904)/(-12))/(-2)?
3
Let z(s) = -s**3 + 23*s**2 - 7. Let p = 436 + -428. What is the hundreds digit of z(p)?
9
Let d = 34819 + -20595. What is the ten thousands digit of d?
1
Let u = -6192 + 8212. What is the tens digit of u?
2
Suppose -2*a - g = -5*a + 7, a - 19 =